{"id":209,"date":"2025-11-24T20:20:13","date_gmt":"2025-11-24T19:20:13","guid":{"rendered":"https:\/\/atelierlutel.fr\/?page_id=209"},"modified":"2026-03-16T20:45:44","modified_gmt":"2026-03-16T20:45:44","slug":"savoir-faire","status":"publish","type":"page","link":"https:\/\/atelierlutel.fr\/index.php\/savoir-faire\/","title":{"rendered":"Sur mesure"},"content":{"rendered":"\n<div class=\"wp-block-group alignwide is-vertical is-content-justification-stretch is-layout-flex wp-container-core-group-is-layout-d275371d wp-block-group-is-layout-flex\">\n<p>Ancienne couturi\u00e8re Haute Couture de la rue Cambon, Ang\u00e9lique con\u00e7oit, mod\u00e8le et confectionne chacune de vos tenues en fonction de vous.<\/p>\n\n\n\n<p>Chez Atelier Lutel, chacune des pi\u00e8ces est sur mesure.<\/p>\n\n\n\n<p>Envie de manches d\u00e9licates ? D&rsquo;une tra\u00eene grandiose et de pouvoir danser dans la m\u00eame tenue ? D&rsquo;une robe courte ? Envie d&rsquo;un pantalon souple et agr\u00e9able ? D&rsquo;un gilet en dentelle assorti au voile ? <\/p>\n\n\n\n<p>Tout \u00e7a, c&rsquo;est vous qui le choisissez ! <\/p>\n\n\n\n<figure class=\"wp-block-gallery has-nested-images columns-default is-cropped wp-block-gallery-1 is-layout-flex wp-block-gallery-is-layout-flex\">\n<figure class=\"wp-block-image size-large\"><img loading=\"lazy\" decoding=\"async\" width=\"819\" height=\"1024\" data-id=\"500\" src=\"https:\/\/atelierlutel.fr\/wp-content\/uploads\/2025\/12\/Atelier-Lutel-_-Dentelle-de-calais-_-Mariage-2026-819x1024.jpg\" alt=\"mise en avant du savoir-faire de dentelle incrust\u00e9e\" class=\"wp-image-500\" srcset=\"https:\/\/atelierlutel.fr\/wp-content\/uploads\/2025\/12\/Atelier-Lutel-_-Dentelle-de-calais-_-Mariage-2026-819x1024.jpg 819w, https:\/\/atelierlutel.fr\/wp-content\/uploads\/2025\/12\/Atelier-Lutel-_-Dentelle-de-calais-_-Mariage-2026-240x300.jpg 240w, https:\/\/atelierlutel.fr\/wp-content\/uploads\/2025\/12\/Atelier-Lutel-_-Dentelle-de-calais-_-Mariage-2026-768x960.jpg 768w, https:\/\/atelierlutel.fr\/wp-content\/uploads\/2025\/12\/Atelier-Lutel-_-Dentelle-de-calais-_-Mariage-2026.jpg 1080w\" sizes=\"auto, (max-width: 819px) 100vw, 819px\" \/><figcaption class=\"wp-element-caption\">Placement de la dentelle de Calais au mannequin<\/figcaption><\/figure>\n\n\n\n<figure class=\"wp-block-image size-large\"><img loading=\"lazy\" decoding=\"async\" width=\"1024\" height=\"768\" data-id=\"503\" src=\"https:\/\/atelierlutel.fr\/wp-content\/uploads\/2025\/12\/Atelier-Lutel-_-travail-incrustation-dentelle-1024x768.jpg\" alt=\"\" class=\"wp-image-503\" srcset=\"https:\/\/atelierlutel.fr\/wp-content\/uploads\/2025\/12\/Atelier-Lutel-_-travail-incrustation-dentelle-1024x768.jpg 1024w, https:\/\/atelierlutel.fr\/wp-content\/uploads\/2025\/12\/Atelier-Lutel-_-travail-incrustation-dentelle-300x225.jpg 300w, https:\/\/atelierlutel.fr\/wp-content\/uploads\/2025\/12\/Atelier-Lutel-_-travail-incrustation-dentelle-768x576.jpg 768w, https:\/\/atelierlutel.fr\/wp-content\/uploads\/2025\/12\/Atelier-Lutel-_-travail-incrustation-dentelle-1536x1152.jpg 1536w, https:\/\/atelierlutel.fr\/wp-content\/uploads\/2025\/12\/Atelier-Lutel-_-travail-incrustation-dentelle-2048x1536.jpg 2048w\" sizes=\"auto, (max-width: 1024px) 100vw, 1024px\" \/><figcaption class=\"wp-element-caption\">pr\u00e9paration du d\u00e9collet\u00e9 incrust\u00e9<\/figcaption><\/figure>\n\n\n\n<figure class=\"wp-block-image size-large\"><img loading=\"lazy\" decoding=\"async\" width=\"768\" height=\"1024\" data-id=\"502\" src=\"https:\/\/atelierlutel.fr\/wp-content\/uploads\/2025\/12\/Atelier-Lutel-_-modele-1-sur-mannequin-_-dentelle-calais-768x1024.jpg\" alt=\"\" class=\"wp-image-502\" srcset=\"https:\/\/atelierlutel.fr\/wp-content\/uploads\/2025\/12\/Atelier-Lutel-_-modele-1-sur-mannequin-_-dentelle-calais-768x1024.jpg 768w, https:\/\/atelierlutel.fr\/wp-content\/uploads\/2025\/12\/Atelier-Lutel-_-modele-1-sur-mannequin-_-dentelle-calais-225x300.jpg 225w, https:\/\/atelierlutel.fr\/wp-content\/uploads\/2025\/12\/Atelier-Lutel-_-modele-1-sur-mannequin-_-dentelle-calais-1152x1536.jpg 1152w, https:\/\/atelierlutel.fr\/wp-content\/uploads\/2025\/12\/Atelier-Lutel-_-modele-1-sur-mannequin-_-dentelle-calais-1536x2048.jpg 1536w, https:\/\/atelierlutel.fr\/wp-content\/uploads\/2025\/12\/Atelier-Lutel-_-modele-1-sur-mannequin-_-dentelle-calais-scaled.jpg 1920w\" sizes=\"auto, (max-width: 768px) 100vw, 768px\" \/><figcaption class=\"wp-element-caption\">R\u00e9sultat final sur mannequin<\/figcaption><\/figure>\n<\/figure>\n\n\n\n<figure class=\"wp-block-gallery has-nested-images columns-default is-cropped wp-block-gallery-2 is-layout-flex wp-block-gallery-is-layout-flex\">\n<figure class=\"wp-block-image size-large\"><img loading=\"lazy\" decoding=\"async\" width=\"682\" height=\"1024\" data-id=\"504\" src=\"https:\/\/atelierlutel.fr\/wp-content\/uploads\/2025\/12\/Invites-Mariage-Agathe-et-Loic-_-Emmanuelle-Braun-Photographe-127-682x1024.jpg\" alt=\"\" class=\"wp-image-504\" srcset=\"https:\/\/atelierlutel.fr\/wp-content\/uploads\/2025\/12\/Invites-Mariage-Agathe-et-Loic-_-Emmanuelle-Braun-Photographe-127-682x1024.jpg 682w, https:\/\/atelierlutel.fr\/wp-content\/uploads\/2025\/12\/Invites-Mariage-Agathe-et-Loic-_-Emmanuelle-Braun-Photographe-127-200x300.jpg 200w, https:\/\/atelierlutel.fr\/wp-content\/uploads\/2025\/12\/Invites-Mariage-Agathe-et-Loic-_-Emmanuelle-Braun-Photographe-127-768x1152.jpg 768w, https:\/\/atelierlutel.fr\/wp-content\/uploads\/2025\/12\/Invites-Mariage-Agathe-et-Loic-_-Emmanuelle-Braun-Photographe-127-1024x1536.jpg 1024w, https:\/\/atelierlutel.fr\/wp-content\/uploads\/2025\/12\/Invites-Mariage-Agathe-et-Loic-_-Emmanuelle-Braun-Photographe-127-1365x2048.jpg 1365w, https:\/\/atelierlutel.fr\/wp-content\/uploads\/2025\/12\/Invites-Mariage-Agathe-et-Loic-_-Emmanuelle-Braun-Photographe-127.jpg 1574w\" sizes=\"auto, (max-width: 682px) 100vw, 682px\" \/><\/figure>\n\n\n\n<figure class=\"wp-block-image size-large\"><img loading=\"lazy\" decoding=\"async\" width=\"683\" height=\"1024\" data-id=\"505\" src=\"https:\/\/atelierlutel.fr\/wp-content\/uploads\/2025\/12\/Invites-Mariage-Agathe-et-Loic-_-Emmanuelle-Braun-Photographe-131-683x1024.jpg\" alt=\"\" class=\"wp-image-505\" srcset=\"https:\/\/atelierlutel.fr\/wp-content\/uploads\/2025\/12\/Invites-Mariage-Agathe-et-Loic-_-Emmanuelle-Braun-Photographe-131-683x1024.jpg 683w, https:\/\/atelierlutel.fr\/wp-content\/uploads\/2025\/12\/Invites-Mariage-Agathe-et-Loic-_-Emmanuelle-Braun-Photographe-131-200x300.jpg 200w, https:\/\/atelierlutel.fr\/wp-content\/uploads\/2025\/12\/Invites-Mariage-Agathe-et-Loic-_-Emmanuelle-Braun-Photographe-131-768x1152.jpg 768w, https:\/\/atelierlutel.fr\/wp-content\/uploads\/2025\/12\/Invites-Mariage-Agathe-et-Loic-_-Emmanuelle-Braun-Photographe-131-1024x1536.jpg 1024w, https:\/\/atelierlutel.fr\/wp-content\/uploads\/2025\/12\/Invites-Mariage-Agathe-et-Loic-_-Emmanuelle-Braun-Photographe-131-1366x2048.jpg 1366w, https:\/\/atelierlutel.fr\/wp-content\/uploads\/2025\/12\/Invites-Mariage-Agathe-et-Loic-_-Emmanuelle-Braun-Photographe-131.jpg 1575w\" sizes=\"auto, (max-width: 683px) 100vw, 683px\" \/><\/figure>\n<\/figure>\n\n\n\n<figure class=\"wp-block-gallery has-nested-images columns-default is-cropped wp-block-gallery-3 is-layout-flex wp-block-gallery-is-layout-flex\">\n<figure class=\"wp-block-image size-large\"><img loading=\"lazy\" decoding=\"async\" width=\"819\" height=\"1024\" data-id=\"506\" src=\"https:\/\/atelierlutel.fr\/wp-content\/uploads\/2025\/12\/Atelier-Lutel-_-gilet-dentelle-devant-819x1024.jpg\" alt=\"\" class=\"wp-image-506\" srcset=\"https:\/\/atelierlutel.fr\/wp-content\/uploads\/2025\/12\/Atelier-Lutel-_-gilet-dentelle-devant-819x1024.jpg 819w, https:\/\/atelierlutel.fr\/wp-content\/uploads\/2025\/12\/Atelier-Lutel-_-gilet-dentelle-devant-240x300.jpg 240w, https:\/\/atelierlutel.fr\/wp-content\/uploads\/2025\/12\/Atelier-Lutel-_-gilet-dentelle-devant-768x960.jpg 768w, https:\/\/atelierlutel.fr\/wp-content\/uploads\/2025\/12\/Atelier-Lutel-_-gilet-dentelle-devant.jpg 1080w\" sizes=\"auto, (max-width: 819px) 100vw, 819px\" \/><\/figure>\n\n\n\n<figure class=\"wp-block-image size-large\"><img loading=\"lazy\" decoding=\"async\" width=\"819\" height=\"1024\" data-id=\"507\" src=\"https:\/\/atelierlutel.fr\/wp-content\/uploads\/2025\/12\/Atelier-Lutel-_-gilet-dentelle-dos-819x1024.jpg\" alt=\"\" class=\"wp-image-507\" srcset=\"https:\/\/atelierlutel.fr\/wp-content\/uploads\/2025\/12\/Atelier-Lutel-_-gilet-dentelle-dos-819x1024.jpg 819w, https:\/\/atelierlutel.fr\/wp-content\/uploads\/2025\/12\/Atelier-Lutel-_-gilet-dentelle-dos-240x300.jpg 240w, https:\/\/atelierlutel.fr\/wp-content\/uploads\/2025\/12\/Atelier-Lutel-_-gilet-dentelle-dos-768x960.jpg 768w, https:\/\/atelierlutel.fr\/wp-content\/uploads\/2025\/12\/Atelier-Lutel-_-gilet-dentelle-dos.jpg 1080w\" sizes=\"auto, (max-width: 819px) 100vw, 819px\" \/><\/figure>\n\n\n\n<figure class=\"wp-block-image size-large\"><img loading=\"lazy\" decoding=\"async\" width=\"819\" height=\"1024\" data-id=\"508\" src=\"https:\/\/atelierlutel.fr\/wp-content\/uploads\/2025\/12\/Atelier-Lutel-_-zoom-gilet-dentelle-profil-dos-819x1024.jpg\" alt=\"\" class=\"wp-image-508\" srcset=\"https:\/\/atelierlutel.fr\/wp-content\/uploads\/2025\/12\/Atelier-Lutel-_-zoom-gilet-dentelle-profil-dos-819x1024.jpg 819w, https:\/\/atelierlutel.fr\/wp-content\/uploads\/2025\/12\/Atelier-Lutel-_-zoom-gilet-dentelle-profil-dos-240x300.jpg 240w, https:\/\/atelierlutel.fr\/wp-content\/uploads\/2025\/12\/Atelier-Lutel-_-zoom-gilet-dentelle-profil-dos-768x960.jpg 768w, https:\/\/atelierlutel.fr\/wp-content\/uploads\/2025\/12\/Atelier-Lutel-_-zoom-gilet-dentelle-profil-dos.jpg 1080w\" sizes=\"auto, (max-width: 819px) 100vw, 819px\" \/><\/figure>\n<\/figure>\n\n\n\n<div class=\"wp-block-group is-vertical is-content-justification-center is-nowrap is-layout-flex wp-container-core-group-is-layout-857ef822 wp-block-group-is-layout-flex\">\n<p>En 2025, l&rsquo;atelier a obtenu le label Fabriqu\u00e9 \u00e0 paris pour ce gilet !<\/p>\n\n\n\n<figure class=\"wp-block-image size-full\"><img loading=\"lazy\" decoding=\"async\" width=\"490\" height=\"398\" src=\"https:\/\/atelierlutel.fr\/wp-content\/uploads\/2025\/12\/FAP_LOGO_2026-1-1.png\" alt=\"\" class=\"wp-image-509\" srcset=\"https:\/\/atelierlutel.fr\/wp-content\/uploads\/2025\/12\/FAP_LOGO_2026-1-1.png 490w, https:\/\/atelierlutel.fr\/wp-content\/uploads\/2025\/12\/FAP_LOGO_2026-1-1-300x244.png 300w\" sizes=\"auto, (max-width: 490px) 100vw, 490px\" \/><\/figure>\n<\/div>\n\n\n\n<div class=\"wp-block-buttons is-content-justification-center is-layout-flex wp-container-core-buttons-is-layout-18af010b wp-block-buttons-is-layout-flex\" style=\"padding-top:var(--wp--preset--spacing--40);padding-bottom:var(--wp--preset--spacing--40)\">\n<div class=\"wp-block-button\"><a class=\"wp-block-button__link wp-element-button\" href=\"https:\/\/atelierlutel.fr\/index.php\/contact\/\">Prendre contact pour une cr\u00e9ation unique<\/a><\/div>\n<\/div>\n\n\n\n<p class=\"has-text-align-center\">Vous pouvez retrouver plus de gestes techniques sur la page Instagram de l&rsquo;Atelier.<\/p>\n<\/div>\n\n\n\n<p><\/p>\n","protected":false},"excerpt":{"rendered":"<p>Ancienne couturi\u00e8re Haute Couture de la rue Cambon, Ang\u00e9lique con\u00e7oit, mod\u00e8le et confectionne chacune de vos tenues en fonction de vous. Chez Atelier Lutel, chacune des pi\u00e8ces est sur mesure. Envie de manches d\u00e9licates ? D&rsquo;une tra\u00eene grandiose et de pouvoir danser dans la m\u00eame tenue ? D&rsquo;une robe courte ? Envie d&rsquo;un pantalon souple [&hellip;]<\/p>\n","protected":false},"author":2,"featured_media":0,"parent":0,"menu_order":0,"comment_status":"closed","ping_status":"closed","template":"","meta":{"footnotes":""},"class_list":["post-209","page","type-page","status-publish","hentry"],"yoast_head":"<!-- This site is optimized with the Yoast SEO plugin v27.1.1 - https:\/\/yoast.com\/product\/yoast-seo-wordpress\/ -->\n<title>Sur mesure - Atelier Lutel<\/title>\n<meta name=\"robots\" content=\"index, follow, max-snippet:-1, max-image-preview:large, max-video-preview:-1\" \/>\n<link rel=\"canonical\" href=\"https:\/\/atelierlutel.fr\/index.php\/savoir-faire\/\" \/>\n<meta property=\"og:locale\" content=\"fr_FR\" \/>\n<meta property=\"og:type\" content=\"article\" \/>\n<meta property=\"og:title\" content=\"Sur mesure - Atelier Lutel\" \/>\n<meta property=\"og:description\" content=\"Ancienne couturi\u00e8re Haute Couture de la rue Cambon, Ang\u00e9lique con\u00e7oit, mod\u00e8le et confectionne chacune de vos tenues en fonction de vous. Chez Atelier Lutel, chacune des pi\u00e8ces est sur mesure. Envie de manches d\u00e9licates ? D&rsquo;une tra\u00eene grandiose et de pouvoir danser dans la m\u00eame tenue ? D&rsquo;une robe courte ? Envie d&rsquo;un pantalon souple [&hellip;]\" \/>\n<meta property=\"og:url\" content=\"https:\/\/atelierlutel.fr\/index.php\/savoir-faire\/\" \/>\n<meta property=\"og:site_name\" content=\"Atelier Lutel\" \/>\n<meta property=\"article:modified_time\" content=\"2026-03-16T20:45:44+00:00\" \/>\n<meta property=\"og:image\" content=\"https:\/\/atelierlutel.fr\/wp-content\/uploads\/2025\/12\/Atelier-Lutel-_-Dentelle-de-calais-_-Mariage-2026.jpg\" \/>\n\t<meta property=\"og:image:width\" content=\"1080\" \/>\n\t<meta property=\"og:image:height\" content=\"1350\" \/>\n\t<meta property=\"og:image:type\" content=\"image\/jpeg\" \/>\n<meta name=\"twitter:card\" content=\"summary_large_image\" \/>\n<meta name=\"twitter:label1\" content=\"Dur\u00e9e de lecture estim\u00e9e\" \/>\n\t<meta name=\"twitter:data1\" content=\"3 minutes\" \/>\n<script type=\"application\/ld+json\" class=\"yoast-schema-graph\">{\"@context\":\"https:\/\/schema.org\",\"@graph\":[{\"@type\":\"WebPage\",\"@id\":\"https:\/\/atelierlutel.fr\/index.php\/savoir-faire\/\",\"url\":\"https:\/\/atelierlutel.fr\/index.php\/savoir-faire\/\",\"name\":\"Sur mesure - Atelier Lutel\",\"isPartOf\":{\"@id\":\"https:\/\/atelierlutel.fr\/#website\"},\"primaryImageOfPage\":{\"@id\":\"https:\/\/atelierlutel.fr\/index.php\/savoir-faire\/#primaryimage\"},\"image\":{\"@id\":\"https:\/\/atelierlutel.fr\/index.php\/savoir-faire\/#primaryimage\"},\"thumbnailUrl\":\"https:\/\/atelierlutel.fr\/wp-content\/uploads\/2025\/12\/Atelier-Lutel-_-Dentelle-de-calais-_-Mariage-2026-819x1024.jpg\",\"datePublished\":\"2025-11-24T19:20:13+00:00\",\"dateModified\":\"2026-03-16T20:45:44+00:00\",\"breadcrumb\":{\"@id\":\"https:\/\/atelierlutel.fr\/index.php\/savoir-faire\/#breadcrumb\"},\"inLanguage\":\"fr-FR\",\"potentialAction\":[{\"@type\":\"ReadAction\",\"target\":[\"https:\/\/atelierlutel.fr\/index.php\/savoir-faire\/\"]}]},{\"@type\":\"ImageObject\",\"inLanguage\":\"fr-FR\",\"@id\":\"https:\/\/atelierlutel.fr\/index.php\/savoir-faire\/#primaryimage\",\"url\":\"https:\/\/atelierlutel.fr\/wp-content\/uploads\/2025\/12\/Atelier-Lutel-_-Dentelle-de-calais-_-Mariage-2026.jpg\",\"contentUrl\":\"https:\/\/atelierlutel.fr\/wp-content\/uploads\/2025\/12\/Atelier-Lutel-_-Dentelle-de-calais-_-Mariage-2026.jpg\",\"width\":1080,\"height\":1350,\"caption\":\"Placement de la dentelle de Calais au mannequin\"},{\"@type\":\"BreadcrumbList\",\"@id\":\"https:\/\/atelierlutel.fr\/index.php\/savoir-faire\/#breadcrumb\",\"itemListElement\":[{\"@type\":\"ListItem\",\"position\":1,\"name\":\"Accueil\",\"item\":\"https:\/\/atelierlutel.fr\/\"},{\"@type\":\"ListItem\",\"position\":2,\"name\":\"Sur mesure\"}]},{\"@type\":\"WebSite\",\"@id\":\"https:\/\/atelierlutel.fr\/#website\",\"url\":\"https:\/\/atelierlutel.fr\/\",\"name\":\"Atelier Lutel | Tenue de mariage et de gala pour femme | Artisan d'Art\",\"description\":\"Votre tenue de mariage digne de la haute couture \",\"publisher\":{\"@id\":\"https:\/\/atelierlutel.fr\/#organization\"},\"potentialAction\":[{\"@type\":\"SearchAction\",\"target\":{\"@type\":\"EntryPoint\",\"urlTemplate\":\"https:\/\/atelierlutel.fr\/?s={search_term_string}\"},\"query-input\":{\"@type\":\"PropertyValueSpecification\",\"valueRequired\":true,\"valueName\":\"search_term_string\"}}],\"inLanguage\":\"fr-FR\"},{\"@type\":\"Organization\",\"@id\":\"https:\/\/atelierlutel.fr\/#organization\",\"name\":\"Atelier Lutel\",\"url\":\"https:\/\/atelierlutel.fr\/\",\"logo\":{\"@type\":\"ImageObject\",\"inLanguage\":\"fr-FR\",\"@id\":\"https:\/\/atelierlutel.fr\/#\/schema\/logo\/image\/\",\"url\":\"https:\/\/atelierlutel.fr\/wp-content\/uploads\/2025\/12\/silhouette.jpg\",\"contentUrl\":\"https:\/\/atelierlutel.fr\/wp-content\/uploads\/2025\/12\/silhouette.jpg\",\"width\":1439,\"height\":1016,\"caption\":\"Atelier Lutel\"},\"image\":{\"@id\":\"https:\/\/atelierlutel.fr\/#\/schema\/logo\/image\/\"},\"sameAs\":[\"https:\/\/www.instagram.com\/atelierlutel\/\"]}]}<\/script>\n<!-- \/ Yoast SEO plugin. -->","yoast_head_json":{"title":"Sur mesure - Atelier Lutel","robots":{"index":"index","follow":"follow","max-snippet":"max-snippet:-1","max-image-preview":"max-image-preview:large","max-video-preview":"max-video-preview:-1"},"canonical":"https:\/\/atelierlutel.fr\/index.php\/savoir-faire\/","og_locale":"fr_FR","og_type":"article","og_title":"Sur mesure - Atelier Lutel","og_description":"Ancienne couturi\u00e8re Haute Couture de la rue Cambon, Ang\u00e9lique con\u00e7oit, mod\u00e8le et confectionne chacune de vos tenues en fonction de vous. Chez Atelier Lutel, chacune des pi\u00e8ces est sur mesure. Envie de manches d\u00e9licates ? D&rsquo;une tra\u00eene grandiose et de pouvoir danser dans la m\u00eame tenue ? D&rsquo;une robe courte ? Envie d&rsquo;un pantalon souple [&hellip;]","og_url":"https:\/\/atelierlutel.fr\/index.php\/savoir-faire\/","og_site_name":"Atelier Lutel","article_modified_time":"2026-03-16T20:45:44+00:00","og_image":[{"width":1080,"height":1350,"url":"https:\/\/atelierlutel.fr\/wp-content\/uploads\/2025\/12\/Atelier-Lutel-_-Dentelle-de-calais-_-Mariage-2026.jpg","type":"image\/jpeg"}],"twitter_card":"summary_large_image","twitter_misc":{"Dur\u00e9e de lecture estim\u00e9e":"3 minutes"},"schema":{"@context":"https:\/\/schema.org","@graph":[{"@type":"WebPage","@id":"https:\/\/atelierlutel.fr\/index.php\/savoir-faire\/","url":"https:\/\/atelierlutel.fr\/index.php\/savoir-faire\/","name":"Sur mesure - Atelier Lutel","isPartOf":{"@id":"https:\/\/atelierlutel.fr\/#website"},"primaryImageOfPage":{"@id":"https:\/\/atelierlutel.fr\/index.php\/savoir-faire\/#primaryimage"},"image":{"@id":"https:\/\/atelierlutel.fr\/index.php\/savoir-faire\/#primaryimage"},"thumbnailUrl":"https:\/\/atelierlutel.fr\/wp-content\/uploads\/2025\/12\/Atelier-Lutel-_-Dentelle-de-calais-_-Mariage-2026-819x1024.jpg","datePublished":"2025-11-24T19:20:13+00:00","dateModified":"2026-03-16T20:45:44+00:00","breadcrumb":{"@id":"https:\/\/atelierlutel.fr\/index.php\/savoir-faire\/#breadcrumb"},"inLanguage":"fr-FR","potentialAction":[{"@type":"ReadAction","target":["https:\/\/atelierlutel.fr\/index.php\/savoir-faire\/"]}]},{"@type":"ImageObject","inLanguage":"fr-FR","@id":"https:\/\/atelierlutel.fr\/index.php\/savoir-faire\/#primaryimage","url":"https:\/\/atelierlutel.fr\/wp-content\/uploads\/2025\/12\/Atelier-Lutel-_-Dentelle-de-calais-_-Mariage-2026.jpg","contentUrl":"https:\/\/atelierlutel.fr\/wp-content\/uploads\/2025\/12\/Atelier-Lutel-_-Dentelle-de-calais-_-Mariage-2026.jpg","width":1080,"height":1350,"caption":"Placement de la dentelle de Calais au mannequin"},{"@type":"BreadcrumbList","@id":"https:\/\/atelierlutel.fr\/index.php\/savoir-faire\/#breadcrumb","itemListElement":[{"@type":"ListItem","position":1,"name":"Accueil","item":"https:\/\/atelierlutel.fr\/"},{"@type":"ListItem","position":2,"name":"Sur mesure"}]},{"@type":"WebSite","@id":"https:\/\/atelierlutel.fr\/#website","url":"https:\/\/atelierlutel.fr\/","name":"Atelier Lutel | Tenue de mariage et de gala pour femme | Artisan d'Art","description":"Votre tenue de mariage digne de la haute couture ","publisher":{"@id":"https:\/\/atelierlutel.fr\/#organization"},"potentialAction":[{"@type":"SearchAction","target":{"@type":"EntryPoint","urlTemplate":"https:\/\/atelierlutel.fr\/?s={search_term_string}"},"query-input":{"@type":"PropertyValueSpecification","valueRequired":true,"valueName":"search_term_string"}}],"inLanguage":"fr-FR"},{"@type":"Organization","@id":"https:\/\/atelierlutel.fr\/#organization","name":"Atelier Lutel","url":"https:\/\/atelierlutel.fr\/","logo":{"@type":"ImageObject","inLanguage":"fr-FR","@id":"https:\/\/atelierlutel.fr\/#\/schema\/logo\/image\/","url":"https:\/\/atelierlutel.fr\/wp-content\/uploads\/2025\/12\/silhouette.jpg","contentUrl":"https:\/\/atelierlutel.fr\/wp-content\/uploads\/2025\/12\/silhouette.jpg","width":1439,"height":1016,"caption":"Atelier Lutel"},"image":{"@id":"https:\/\/atelierlutel.fr\/#\/schema\/logo\/image\/"},"sameAs":["https:\/\/www.instagram.com\/atelierlutel\/"]}]}},"_links":{"self":[{"href":"https:\/\/atelierlutel.fr\/index.php\/wp-json\/wp\/v2\/pages\/209","targetHints":{"allow":["GET"]}}],"collection":[{"href":"https:\/\/atelierlutel.fr\/index.php\/wp-json\/wp\/v2\/pages"}],"about":[{"href":"https:\/\/atelierlutel.fr\/index.php\/wp-json\/wp\/v2\/types\/page"}],"author":[{"embeddable":true,"href":"https:\/\/atelierlutel.fr\/index.php\/wp-json\/wp\/v2\/users\/2"}],"replies":[{"embeddable":true,"href":"https:\/\/atelierlutel.fr\/index.php\/wp-json\/wp\/v2\/comments?post=209"}],"version-history":[{"count":5,"href":"https:\/\/atelierlutel.fr\/index.php\/wp-json\/wp\/v2\/pages\/209\/revisions"}],"predecessor-version":[{"id":679,"href":"https:\/\/atelierlutel.fr\/index.php\/wp-json\/wp\/v2\/pages\/209\/revisions\/679"}],"wp:attachment":[{"href":"https:\/\/atelierlutel.fr\/index.php\/wp-json\/wp\/v2\/media?parent=209"}],"curies":[{"name":"wp","href":"https:\/\/api.w.org\/{rel}","templated":true}]}}